rs of 5?
5
List the prime factors of 5378.
2, 2689
List the prime factors of 2576.
2, 7, 23
List the prime factors of 27841.
11, 2531
List the prime factors of 54646.
2, 89, 307
List the prime factors of 857.
857
What are the prime factors of 40887?
3, 7, 11, 59
List the prime factors of 24352.
2, 761
List the prime factors of 648.
2, 3
List the prime factors of 11836.
2, 11, 269
List the prime factors of 11214.
2, 3, 7, 89
List the prime factors of 46751.
46751
List the prime factors of 2858.
2, 1429
List the prime factors of 56796.
2, 3, 4733
What are the prime factors of 973?
7, 139
List the prime factors of 8562.
2, 3, 1427
List the prime factors of 1702.
2, 23, 37
List the prime factors of 35594.
2, 13, 37
What are the prime factors of 83648?
2, 1307
What are the prime factors of 18998?
2, 7, 23, 59
List the prime factors of 5094.
2, 3, 283
List the prime factors of 3258.
2, 3, 181
List the prime factors of 5626.
2, 29, 97
What are the prime factors of 19603?
19603
What are the prime factors of 113771?
7, 16253
List the prime factors of 41720.
2, 5, 7, 149
What are the prime factors of 32257?
32257
List the prime factors of 94058.
2, 131, 359
What are the prime factors of 42?
2, 3, 7
What are the prime factors of 119777?
7, 71, 241
What are the prime factors of 4023?
3, 149
What are the prime factors of 19541?
19541
List the prime factors of 19948.
2, 4987
List the prime factors of 27160.
2, 5, 7, 97
What are the prime factors of 13592?
2, 1699
What are the prime factors of 13531?
7, 1933
What are the prime factors of 108818?
2, 54409
List the prime factors of 5456.
2, 11, 31
List the prime factors of 132.
2, 3, 11
What are the prime factors of 3809?
13, 293
List the prime factors of 1766.
2, 883
What are the prime factors of 4439?
23, 193
What are the prime factors of 13520?
2, 5, 13
What are the prime factors of 36849?
3, 71, 173
List the prime factors of 90476.
2, 22619
What are the prime factors of 2710?
2, 5, 271
List the prime factors of 1284.
2, 3, 107
List the prime factors of 124602.
2, 3, 19, 1093
List the prime factors of 20428.
2, 5107
List the prime factors of 530.
2, 5, 53
What are the prime factors of 58965?
3, 5, 3931
List the prime factors of 23013.
3, 2557
List the prime factors of 2262.
2, 3, 13, 29
List the prime factors of 551.
19, 29
What are the prime factors of 2125?
5, 17
What are the prime factors of 11571?
3, 7, 19, 29
What are the prime factors of 16514?
2, 23, 359
List the prime factors of 1049.
1049
What are the prime factors of 141920?
2, 5, 887
What are the prime factors of 57597?
3, 73, 263
What are the prime factors of 7840?
2, 5, 7
List the prime factors of 12973.
12973
What are the prime factors of 10095?
3, 5, 673
List the prime factors of 249.
3, 83
What are the prime factors of 610?
2, 5, 61
What are the prime factors of 42328?
2, 11, 13, 37
What are the prime factors of 13793?
13, 1061
List the prime factors of 2492.
2, 7, 89
List the prime factors of 2271.
3, 757
List the prime factors of 2193.
3, 17, 43
What are the prime factors of 5713?
29, 197
List the prime factors of 98258.
2, 73, 673
What are the prime factors of 1128?
2, 3, 47
List the prime factors of 16515.
3, 5, 367
List the prime factors of 67546.
2, 33773
What are the prime factors of 7861?
7, 1123
What are the prime factors of 1972?
2, 17, 29
What are the prime factors of 481?
13, 37
What are the prime factors of 772?
2, 193
What are the prime factors of 1456?
2, 7, 13
What are the prime factors of 111151?
41, 2711
What are the prime factors of 1391?
13, 107
List the prime factors of 922.
2, 461
List the prime factors of 60816.
2, 3, 7, 181
List the prime factors of 6624.
2, 3, 23
List the prime factors of 10055.
5, 2011
What are the prime factors of 464?
2, 29
List the prime factors of 59.
59
What are the prime factors of 3138?
2, 3, 523
What are the prime factors of 13649?
13649
List the prime factors of 1044.
2, 3, 29
What are the prime factors of 23302?
2, 61, 191
What are the prime factors of 178?
2, 89
What are the prime factors of 28599?
3, 9533
List the prime factors of 34915.
5, 6983
What are the prime factors of 20165?
5, 37, 109
What are the prime factors of 25148?
2, 6287
List the prime factors of 2098.
2, 1049
What are the prime factors of 328?
2, 41
What are the prime factors of 2306?
2, 1153
What are the prime factors of 1033?
1033
List the prime factors of 96560.
2, 5, 17, 71
What are the prime factors of 299?
13, 23
List the prime factors of 4485.
3, 5, 13, 23
What are the prime factors of 1839?
3, 613
What are the prime factors of 40919?
17, 29, 83
List the prime factors of 80976.
2, 3, 7, 241
What are the prime factors of 34361?
34361
What are the prime factors of 22347?
3, 13, 191
List the prime factors of 410.
2, 5, 41
List the prime factors of 6439.
47, 137
What are the prime factors of 963?
3, 107
List the prime factors of 17954.
2, 47, 191
List the prime factors of 53943.
3, 17981
List the prime factors of 15663.
3, 23, 227
What are the prime factors of 92216?
2, 11527
What are the prime factors of 60823?
7, 8689
What are the prime factors of 8953?
7, 1279
What are the prime factors of 8968?
2, 19, 59
List the prime factors of 59701.
227, 263
What are the prime factors of 26486?
2, 17, 19, 41
What are the prime factors of 365?
5, 73
List the prime factors of 84357.
3, 7, 13, 103
List the prime factors of 894.
2, 3, 149
What are the prime factors of 7662?
2, 3, 1277
List the prime factors of 43.
43
List the prime factors of 2985.
3, 5, 199
List the prime factors of 711.
3, 79
What are the prime factors of 15802?
2, 7901
List the prime factors of 62214.
2, 3, 10369
List the prime factors of 8712.
2, 3, 11
List the prime factors of 73511.
19, 53, 73
List the prime factors of 7763.
7, 1109
List the prime factors of 1529.
11, 139
List the prime factors of 703.
19, 37
What are the prime factors of 82338?
2, 3, 13723
What are the prime factors of 9034?
2, 4517
List the prime factors of 4463.
4463
List the prime factors of 100794.
2, 3, 107, 157
List the prime factors of 2278.
2, 17, 67
List the prime factors of 48384.
2, 3, 7
List the prime factors of 1776.
2, 3, 37
What are the prime factors of 2175?
3, 5, 29
List the prime factors of 350.
2, 5, 7
List the prime factors of 9381.
3, 53, 59
What are the prime factors of 47802?
2, 3, 31, 257
What are the prime factors of 75349?
151, 499
List the prime factors of 1613.
1613
List the prime factors of 42564.
2, 3, 3547
What are the prime factors of 23670?
2, 3, 5, 263
What are the prime factors of 326?
2, 163
What are the prime factors of 75997?
75997
List the prime factors of 7176.
2, 3, 13, 23
What are the prime factors of 297?
3, 11
List the prime factors of 34903.
11, 19, 167
List the prime factors of 31226.
2, 13, 1201
What are the prime factors of 1259?
1259
What are the prime factors of 30364?
2, 7591
What are the prime factors of 54371?
54371
What are the prime factors of 26613?
3, 2957
What are the prime factors of 1122?
2, 3, 11, 17
What are the prime factors of 29?
29
What are the prime factors of 10528?
2, 7, 47
What are the prime factors of 5831?
7, 17
List the prime factors of 9106.
2, 29, 157
What are the prime factors of 1073?
29, 37
What are the prime factors of 40475?
5, 1619
What are the prime factors of 24086?
2, 12043
List the prime factors of 23129.
101, 229
List the prime factors of 3224.
2, 13, 31
List the prime factors of 426.
2, 3, 71
List the prime factors of 156.
2, 3, 13
What are the prime factors of 10396?
2, 23, 113
List the prime factors of 151.
151
What are the prime factors of 13015?
5, 19, 137
List the prime factors of 2538.
2, 3, 47
List the prime factors of 520.
2, 5, 13
What are the prime factors of 716?
2, 179
What are the prime factors of 98492?
2, 24623
What are the prime factors of 25848?
2, 3, 359
What are the prime factors of 14249?
14249
What are the prime factors of 7200?
2, 3, 5
What are the prime factors of 12637?
12637
List the prime factors of 1153.
1153
List the prime factors of 42413.
7, 73, 83
List the prime factors of 26220.
2, 3, 5, 19, 23
List the prime factors of 294.
2, 3, 7
What are the prime factors of 1490?
2, 5, 149
List the prime factors of 4859.
43, 113
List the prime factors of 11360.
2, 5, 71
What are t